-8)/(-4) - 2)/(-1). Suppose -5*z - 95 = -3*r - 3*z, -3*r - 5*z + 67 = x. What are the prime factors of r?
29
Let u be (-160)/30*6/(-8). Suppose 2*c + 3*x - 17 = 0, u*c + 0*c - 3*x = 25. What are the prime factors of c?
7
Let z be (-9 - -17)*(-2)/(-4). What are the prime factors of (z/6)/((-2)/(-243))?
3
Let w be (-6)/(-4)*8/4. Suppose -5*x + w*l = -34, 0 = x + 4*x + 2*l - 19. Suppose -2*p + 4*s = 4, 0 = -5*p + 5*s - 0*s + x. List the prime factors of p.
2
Suppose -a + s = -9, -5*a - 3*s - 2*s + 75 = 0. Suppose 4*h + 0 = a. List the prime factors of 5/((-15)/(-84)) + h.
31
Let a(n) = -n**3 + n**2. Let h be a(-2). Let l(s) = -s**2 + 11*s + 14. Let p be l(h). Suppose 7*v - 100 = p*v. List the prime factors of v.
2, 5
Let l(v) = 3*v**2 + 56*v - 49. What are the prime factors of l(-24)?
5, 67
Suppose -6*q - 5*k + 1098 = -2*q, k = -2. What are the prime factors of q?
277
Let i = -2930 - -6183. What are the prime factors of i?
3253
Let v be 46/14 - (3 + (-19)/7). Suppose 6 = -h + 4*b, 0*h - v*h - 4*b = -46. What are the prime factors of h?
2, 5
Let k be (-20)/((6/(-2))/(-3)). Let x be -1 - 1 - (k - -10). Suppose -x + 38 = 2*d. What are the prime factors of d?
3, 5
Suppose 3*t = 3*d - 1140, 593 = -4*d + 2*t + 2107. What are the prime factors of d?
13, 29
Let m = 405 + 118. What are the prime factors of m?
523
Let c be ((-1)/2)/((-5)/(-30)). What are the prime factors of (-205)/(-30) + c/(-18)?
7
Let v be ((-17)/(-3) - 4)*(1 - -2). Let j = 20 + -34. What are the prime factors of j/(v/((-20)/8))?
7
Suppose 0 = 6*o - 4178 - 940. What are the prime factors of o?
853
Let k be (-62)/(-3 - (-25)/10). Let q = 176 - k. What are the prime factors of q?
2, 13
Suppose 60 = -3*b + 8*b. Suppose b = -3*q, -3*t - 33 = -8*t + 2*q. Suppose t*y - 3 - 52 = 0. List the prime factors of y.
11
Suppose 0 = 2*a - 0*a + 20. Let o(l) = -l**2 - 10*l + 24. What are the prime factors of o(a)?
2, 3
What are the prime factors of (24 - 28)/((-4)/3697)?
3697
Let k be 2/8 + (-42)/8. Let i = k - -50. Suppose -5*r = -10 - i. List the prime factors of r.
11
Let l(y) = y**2 - 7*y. Let t(d) = d**2 - 5*d + 6. Let u be t(5). Let q be l(u). List the prime factors of -18 - -21 - (q + 0).
3
Suppose 2*k - 51 = 17. Suppose 0 + k = 2*l. What are the prime factors of l?
17
Let x(n) = 6*n + 7. Let i be x(15). Suppose -3*a + l = -i, 3*a = -10*l + 5*l + 73. Let g = a - 16. What are the prime factors of g?
3, 5
Let m(l) = -l**2 + 122. What are the prime factors of m(0)?
2, 61
Let i(s) = -7*s**3 - 2*s**2 + 5*s + 9. Let a(b) = -b - 3. Let k be a(-1). List the prime factors of i(k).
47
Let g = 190 + -56. Let z = g - 91. List the prime factors of z.
43
Suppose 4 = i - 5. Let z(j) = -43. Let r(t) = -t - 38. Let a(d) = -6*r(d) + 5*z(d). What are the prime factors of a(i)?
67
Suppose 4*n + 5*z = 1453, -n = -2*z - z - 376. List the prime factors of n.
367
Let h be (-6)/(-4)*(-6 + 8). Let d(y) = 3*y - 2. Let s be d(h). Suppose 5*n - s*n = -20. List the prime factors of n.
2, 5
Let b(x) = 2*x**2 + 3*x - 6. Suppose 0 = -j + 23 - 20. What are the prime factors of b(j)?
3, 7
Suppose 8*l = -l + 9018. List the prime factors of l.
2, 3, 167
Let t = 1102 - 1086. List the prime factors of t.
2
Suppose 2*s - 50 - 26 = 0. Suppose i - s = -0*i - 3*o, -2*i - o = -76. Let b = -15 + i. List the prime factors of b.
23
Suppose 18 = -10*i + 48. Suppose -i*w - 34 + 1 = -3*l, 2 = l + 2*w. What are the prime factors of l?
2
Let q be (-14)/(-35) - 16/(-10) - -7. What are the prime factors of -1*((-6)/q)/(2/6)?
2
Suppose 0 = -4*p + p + 6. List the prime factors of (1 - p) + (-2)/(6/(-345)).
2, 3, 19
Let h = 97 - -3380. What are the prime factors of h?
3, 19, 61
Let g = 3807 + -2269. What are the prime factors of g?
2, 769
Suppose -3*n = -14*n + 33. List the prime factors of -2 - (-2 + n)*-144.
2, 71
Suppose w - 31 + 6 = 3*u, -3*u + 95 = 2*w. Suppose 10 = k - w. What are the prime factors of k?
2, 5
Let u(t) be the third derivative of -13*t**4/24 - 19*t**3/3 + t**2. List the prime factors of u(-18).
2, 7
Let f be (24/(-5))/(6/(-20)). Let g = -12 + f. Suppose -13 = -q + g. List the prime factors of q.
17
Let l(i) = -i + 17. Let j(y) = 5. Let p(x) = -2. Let t(n) = 6*j(n) + 17*p(n). Let s(a) = -2*l(a) - 9*t(a). List the prime factors of s(10).
2, 11
Suppose -84*y + 3912 = -76*y. List the prime factors of y.
3, 163
Let u = 7669 - 5139. What are the prime factors of u?
2, 5, 11, 23
Suppose t - 102 = -r, -3*r - 3*t + 307 = t. Let k = 102 + r. List the prime factors of k.
7, 29
Suppose 0 = -0*x - x + a + 5, 5*x - 5 = -5*a. Suppose 2*u - 2 = -4*f + 6, -x*f - 1 = 5*u. Suppose -b - f = -25. What are the prime factors of b?
2, 11
Suppose -10*q = -44*q + 49062. List the prime factors of q.
3, 13, 37
Let c = 242 - -478. List the prime factors of c.
2, 3, 5
Suppose 140*b = 128*b + 44484. What are the prime factors of b?
11, 337
Suppose -4*p - 3*m = -1895, 5*m = -5*p + 3*p + 937. What are the prime factors of p?
2, 7, 17
Let u = -3 + -1. Let q be (19 + -4)*u/(-12). Suppose p + 3*l + l - 56 = 0, -p = -q*l - 65. What are the prime factors of p?
2, 3, 5
Suppose 0 = 3*h - 17*h + 12936. List the prime factors of h.
2, 3, 7, 11
Let b(h) = 4 + 1 + 2*h**2 - 4*h + 2. Suppose 13*k = 99 - 21. List the prime factors of b(k).
5, 11
Let a(g) = -g**2 + 2*g + 44. Let l(j) = j**2 - 7*j + 12. Let b be l(3). What are the prime factors of a(b)?
2, 11
Let i(h) = 2*h - 3. Let d be i(3). Let f(p) = -17 + 5*p + 13 + 1. What are the prime factors of f(d)?
2, 3
Let o(s) = 13*s + 1. Let z be o(-1). Let k = -61 + z. Let t = -44 - k. What are the prime factors of t?
29
Suppose u - 214 - 76 = 0. Let k = 168 - u. List the prime factors of 2/(-4) - k/4.
2, 3, 5
Suppose -7*m + 1280 = -561. What are the prime factors of m?
263
Let f(x) = 2*x + 395. What are the prime factors of f(0)?
5, 79
Let d(u) = 28*u**2 + 7*u + 6. Let c be d(-4). Suppose -v = 3*x - 3*v - 257, v + c = 5*x. List the prime factors of x.
5, 17
List the prime factors of (-543)/2*4/(-6).
181
Let c be (4/6)/((-2)/(-45)). Suppose 0 = 12*p - c*p + 75. What are the prime factors of p?
5
Let b(d) = -26*d - 2. Suppose 0 = -3*r - 2*k + 4 + 20, 16 = 2*r + 2*k. Let u = r - 10. What are the prime factors of b(u)?
2, 5
Let r(t) = 2*t**3 - 3*t**2 - 8. Let o be r(4). Suppose 6*i + 3*h = 2*i + o, 0 = -5*i - 5*h + 85. What are the prime factors of i?
3, 7
Suppose -462 = -7*x + x. Suppose 5*r - 2*k - 143 = 2*r, 5*k + x = 2*r. List the prime factors of r.
3, 17
Let x = -10 - -5. Let o = x + 8. List the prime factors of (-301)/(-35) - o/5.
2
Suppose -j = -0*j. Suppose s = -j*s + 5. Suppose 3*h + 3*x = 72, -s*x = -0*h - h + 48. What are the prime factors of h?
2, 7
Suppose -26*g = -5*g - 17199. List the prime factors of g.
3, 7, 13
Let z(a) = 385*a**3 + 11*a**2 - 11 - 384*a**3 + 16*a - 2. What are the prime factors of z(-8)?
3, 17
Let p(m) = -m**2 + 16*m - 10. Let g be p(12). Let r = g - 84. Let h = r + 72. List the prime factors of h.
2, 13
Let n = -63 - 211. List the prime factors of n/(-4) - (-12)/(-24).
2, 17
Let z = -1669 - -3015. List the prime factors of z.
2, 673
Let y = 548 + -345. Suppose v - 3*i = -2*i + 91, 2*v - y = -5*i. What are the prime factors of v?
2, 47
Let u be (-434)/(-4)*10/(-25)*-5. Suppose 0 = -2*b - 51 + u. List the prime factors of b.
83
Let q be 2/(-4)*(4 - 6). Let n(g) = 19*g**2 + 1. Let w be n(q). Suppose v = -v + w. What are the prime factors of v?
2, 5
Let h be (10*-4 - 0) + 1. What are the prime factors of -3*13/(h/70)?
2, 5, 7
Let q be 13 + -11 - 2*-1. Let d(x) be the second derivative of x**5/20 - x**4/6 - x**3/2 + 3*x**2/2 + 2*x. What are the prime factors of d(q)?
23
Let q = -4 + 11. Suppose 4*v + 2*n - q*n - 447 = 0, -4*v - 5*n + 417 = 0. List the prime factors of v.
2, 3
Suppose 0 = 4*p + 3*w - 18432, 7*p + 4*w - 9206 = 5*p. List the prime factors of p.
3, 29, 53
Let u(a) = -a**2 + 9*a - 14. Let d be u(6). Suppose -l + 2*r = d*r + 5, 5*l + 49 = -4*r. Let s = -2 - l. What are the prime factors of s?
11
Suppose -6 = 28*j - 30*j. Let v(k) = 3*k**3 + 3*k**2 - 5*k + 2. List the prime factors of v(j).
5, 19
Let b(t) = t**3 + 15*t**2 - 18*t - 4. Let u be b(-16). What are the prime factors of 5229/u + 3 - 1/(-4)?
2, 5, 19
Suppose -4*g - 745 = -9*g. What are the prime factors of g?
149
Suppose -i - i =